 - 3*j. Let v(r) = 6*r + 4. Calculate the remainder when 78 is divided by v(m).
38
Suppose -5*j - 315 = 3*d - 1437, -d + j = -366. What is the remainder when d is divided by 25?
19
Let m = 6 - 1. Suppose -m*g + 7*g - 8 = 0. Suppose g*n + 0 - 28 = 0. Calculate the remainder when 19 is divided by n.
5
Let g = -208 + 223. Let n = 68 + -60. Let s = n + 12. What is the remainder when s is divided by g?
5
What is the remainder when 1800 is divided by 54 - -7 - (3 - -5)?
51
Let v = -21 + -14. Let z = v - -40. Let u(x) = x**3 + 18*x**2 + 15*x - 11. What is the remainder when u(-17) is divided by z?
3
Let r = 46167 - 46062. Let s = 59 - 13. What is the remainder when r is divided by s?
13
Let m(f) = f**2 - 7*f + 6. Let g(y) = -7*y - 118. Let p be g(-17). What is the remainder when m(-6) is divided by (-2)/(-4)*((-7 - p) + 66)?
26
Let l(k) = -3*k**2 - 92*k - 332. Calculate the remainder when 1050 is divided by l(-9).
38
Let m = -19 - -9. Let z = m - -26. What is the remainder when 1/(-38) + 3194/76 is divided by z?
10
Calculate the remainder when (-9)/(-6) - (-5616)/96 is divided by 53.
7
What is the remainder when 666 is divided by ((-1)/(-5)*(20 - 15))/(12/1212)?
60
Let x be -1*-1*(-1 - -4). Suppose x*s - 40 = -s. Let u = s + 5. What is the remainder when 25 is divided by u?
10
Suppose t - 5*c = 2*t + 20, -4*t + c + 25 = 0. Suppose 100 = 5*k - t. What is the remainder when 83 is divided by k?
20
Let y be (-126)/(-5)*-20*(-2)/24. Suppose 0 = -32*w + 25*w + y. Calculate the remainder when w is divided by 4.
2
Suppose -87*l + 85*l = -8. Let c(a) = 3*a**2 - 10*a + 17. Calculate the remainder when 98 is divided by c(l).
23
Let p = 819 + -744. Suppose y = -q + 2*y + 27, -4*q - 2*y + 108 = 0. What is the remainder when p is divided by q?
21
Suppose -72 = 7*i + 530. Let q = i + 151. What is the remainder when q is divided by 11?
10
Suppose -4*a - 2*t = -28128, 0 = 417*a - 415*a + 2*t - 14070. What is the remainder when a is divided by 79?
77
Suppose 3*z - 5*y - 83 = 0, 0*z + 2*y = 3*z - 98. Let h(r) = -11*r**2 - 882*r + 197. Calculate the remainder when h(0) is divided by z.
17
Suppose -r - 1401 = 27*a - 31*a, 4 = -4*r. What is the remainder when a is divided by 135?
80
Suppose t = 5*g - 41, 5*g + 0*g - 4*t - 29 = 0. Suppose 16 = u - g. Suppose 6*y = 863 + u. Calculate the remainder when y is divided by 38.
34
Let a(m) = 322*m + 7919. What is the remainder when 11074 is divided by a(-24)?
187
Suppose -a - 102 + 126 = -5*d, 0 = 5*a - d - 336. Calculate the remainder when 3604 is divided by a.
16
Let r(i) = 2*i**2 - 11*i - 3. Let t be r(6). Suppose h - 6*h = -t*h. Suppose h = 2*a - 228 - 30. Calculate the remainder when a is divided by 33.
30
Let c(u) = u**3 + 4*u**2 - 6*u + 8. Let t be c(-6). Let p = t + 490. Calculate the remainder when p is divided by 31.
28
Suppose -2*u = -95 - 13. Suppose 68 = 2*w - u. Calculate the remainder when w is divided by 33.
28
Suppose 30*k = 50645 + 25735. Calculate the remainder when k is divided by 25.
21
Let b(v) = -v**2 - 32*v - 1. Let h be b(-13). Suppose 0 = 5*y - 1206 + h. Suppose -12*r = -9*r - y. Calculate the remainder when r is divided by 13.
12
Let m(v) = v + 26. Let g be m(-26). Suppose 4*p - s - 17 = g, -4*s + 17 = 3*p - 10. What is the remainder when 164 is divided by p?
4
Let t(u) = -u - 10. Let b be t(-14). Suppose -b*r = -r - 12. Calculate the remainder when 57 is divided by (r*3/(-7))/(8/(-140)).
27
Suppose -4*c + 949*j + 456 = 948*j, 4*c + j = 488. Calculate the remainder when c is divided by (-2 + 5/2)*24.
10
Let r = -396 + 745. Calculate the remainder when r is divided by 5.
4
Let k(b) = -717*b + 3609. What is the remainder when 224 is divided by k(5)?
8
Suppose -106*b + 198*b - 59800 = 0. Calculate the remainder when 1959 is divided by b.
9
Let q = 1 - -2. Let o(k) = 2*k - 10. Let f(n) = 13*n - 54. Let s(m) = f(m) - 6*o(m). Calculate the remainder when 17 is divided by s(q).
8
Calculate the remainder when 182 is divided by (80/(-25) + 2)/(388/400 + -1).
22
Suppose 32 + 13 = 3*g + 6*l, 0 = -4*g + 2*l + 30. What is the remainder when 878 is divided by g?
5
Calculate the remainder when 236 is divided by 216 + (-515)/206*(-4)/(-10).
21
Suppose 0 = c - 41 - 15. Suppose 5*z + 180 = 5*y, 3*z - 5*z = 2*y - c. What is the remainder when y is divided by 6?
2
Let s = 4273 - 1882. What is the remainder when s is divided by 51?
45
What is the remainder when 112 is divided by -2*(3/10)/((-816)/270 - -3)?
4
Let a = 978 + -217. Let r = a - 532. Calculate the remainder when r is divided by 33.
31
Let w = 1588 + -1436. Calculate the remainder when 909 is divided by w.
149
Suppose 21 = -10*o + 17*o. Suppose 0 = -3*i + 5*s + 97, -o*i - 58 = -4*s - 153. Suppose -i*y + 93 = -26*y. What is the remainder when 57 is divided by y?
26
Suppose -3*i + 46 - 7 = 0. Let s = i - 7. Calculate the remainder when 86 is divided by ((-174)/(-4))/(9/s).
28
Let l(u) = 24*u + 110. Calculate the remainder when 609 is divided by l(2).
135
Let v be (-3*3)/3*(-8)/(-6). Let w be -4 + 12/v + 21. Let l = w - -24. What is the remainder when 148 is divided by l?
34
Suppose -5*x = -8*x + 36. Suppose -3*c = -2*c - 3*l - 97, 0 = -4*l - x. What is the remainder when 16 is divided by 3/(-2) + c/16?
0
Let j(c) = -c**2 - 4*c + 139. What is the remainder when 219 is divided by j(-13)?
21
Suppose -2*q = -6*v + 124, 3*v - 65 = -8*q + 6*q. Let k(a) = -72*a + 4. Calculate the remainder when k(-4) is divided by v.
19
Let f = 781 - 733. Let l = 409 + -837. Let w = l - -618. What is the remainder when w is divided by f?
46
Let v = 1181 - 1084. Suppose 8*s - 342 = -110. What is the remainder when v is divided by s?
10
Suppose r + 13*r - 2982 = 0. Suppose -322 = r*m - 215*m. What is the remainder when m is divided by 4?
1
Suppose 0 = 4*o - 2*o - 12. Suppose 7*k = k + 3*k. Suppose 2*w + 3*i - 6 - 6 = k, -6 = -w + 2*i. What is the remainder when w is divided by o?
0
Suppose -49667*v = -49766*v + 34452. Let i(z) = -z**3 - 3*z - 3. Calculate the remainder when v is divided by i(-2).
7
Suppose -9*g - 8029 + 3476 = -51146. What is the remainder when g is divided by 162?
155
Suppose 2158 = 2*u + 5*t, 0 = -4*u - 4*t + 4095 + 197. Calculate the remainder when u is divided by 72.
61
Let s = 13253 - 11896. What is the remainder when s is divided by 200?
157
Suppose 3*c + 4*m = 196, 0 = -4*c - 4*m + 5*m + 255. Suppose 35*g + c = 39*g. What is the remainder when 284 is divided by g?
12
Let m(f) = f**3 + 12*f**2 + 7*f - 81. Calculate the remainder when m(8) is divided by 31.
15
Let n = -178 + 174. Calculate the remainder when 149*(15/(-5) - n) is divided by 43.
20
Let s(r) = -r**3 - 6*r**2 - 111*r - 1227. Let d = -111 + 158. Calculate the remainder when d is divided by s(-9).
2
Let n(b) = 4*b + 5. Let h = -347 - -207. Let c = -68 - h. Calculate the remainder when c is divided by n(5).
22
Let c(f) = 2*f**3 + 49*f**2 - 139*f - 15. What is the remainder when 187 is divided by c(-27)?
1
Suppose g - 69 = 370. Suppose 422 = 27*y - 145. What is the remainder when g is divided by y?
19
Let a = -6331 + 6378. Calculate the remainder when 491 is divided by a.
21
Let x = -8745 + 8748. Let o be 24/10 + (-2)/5. Suppose v - x = -h, o*h = h - 2*v. Calculate the remainder when 20 is divided by h.
2
Suppose -4*f = f - 2350. Let d = f - 409. What is the remainder when d is divided by 12?
1
Let o(j) = 2*j**2 + 14*j. Suppose 1089*y - 8970 = 1079*y. Calculate the remainder when y is divided by o(-10).
57
Suppose 0 = -11*u + 1939 + 74. Suppose 0 = 162*g - u*g + 273. What is the remainder when 319 is divided by g?
7
Let r be 10*(-14)/(-175)*10/4. What is the remainder when (-9)/6 - (-1005)/20*r is divided by 17?
14
Let r(u) = -128*u**3 + u**2 - 3*u + 2. Let z be r(1). Let i = z + 231. What is the remainder when i is divided by 35?
33
Let q = 285 + -286. Let d(a) = 6*a**2 - 7*a - 1. Let x be d(8). What is the remainder when q/((-9)/x) - (-2)/3 is divided by 20?
17
Let k(x) = 3*x**2 - 9*x + 31. Let g be k(-9). Suppose 0 = 5*l + 5*b - 6*b + g, 3*l - 4*b = -230. Let m = -59 - l. What is the remainder when 62 is divided by m?
7
Let y = 197 - -447. Suppose -y = -13*s - 137. Calculate the remainder when 70 is divided by s.
31
Suppose 5*z - 3*q - 100 = 170, -218 = -4*z + 2*q. What is the remainder when z is divid